{"id":347,"date":"2024-06-06T19:07:56","date_gmt":"2024-06-06T17:07:56","guid":{"rendered":"https:\/\/edgecamp.pl\/?page_id=347"},"modified":"2024-06-06T19:27:59","modified_gmt":"2024-06-06T17:27:59","slug":"amatorzy","status":"publish","type":"page","link":"https:\/\/edgecamp.pl\/index.php\/amatorzy\/","title":{"rendered":"Amatorzy"},"content":{"rendered":"\n<p>W ramach obozu EDGE Summer Camp 2024 odb\u0119d\u0105 si\u0119 r\u00f3wnie\u017c zaj\u0119cia dla os\u00f3b amatorsko trenuj\u0105cych \u0142y\u017cwiarstwo figurowe.<\/p>\n\n\n\n<p><strong>Terminy:<\/strong><\/p>\n\n\n\n<ul class=\"wp-block-list\">\n<li>8-12.07.2024<\/li>\n\n\n\n<li>22-27.07.2024<\/li>\n<\/ul>\n\n\n\n<p>Termin I (8-12.07.2024)<\/p>\n\n\n\n<ul class=\"wp-block-list\">\n<li>5x zaj\u0119cia na lodzie (60 min.)<\/li>\n\n\n\n<li>5x zaj\u0119cia poza lodem (45 min.)<\/li>\n\n\n\n<li>Zaj\u0119cia b\u0119d\u0105 prowadzone przez trener\u00f3w EDGE Summer Camp 2024<\/li>\n\n\n\n<li>Cena: 800z\u0142<\/li>\n<\/ul>\n\n\n\n<p>Termin II (22-27.07.2024)<\/p>\n\n\n\n<ul class=\"wp-block-list\">\n<li>6x zaj\u0119cia na lodzie (60 min.)<\/li>\n\n\n\n<li>5x zaj\u0119cia poza lodem (45 min.)<\/li>\n\n\n\n<li>Zaj\u0119cia b\u0119d\u0105 prowadzone przez trener\u00f3w EDGE Summer Camp 2024<\/li>\n\n\n\n<li>Cena: 879z\u0142<\/li>\n<\/ul>\n\n\n\n<p>Zaj\u0119cia b\u0119d\u0105 si\u0119 odbywa\u0107 w godzinach popo\u0142udniowych\/wieczornych<\/p>\n\n\n\n<p><strong>ZAPISY:<\/strong><\/p>\n\n\n\n<p><a href=\"https:\/\/forms.gle\/5Z7gWMrNmYsVsm577\">https:\/\/forms.gle\/5Z7gWMrNmYsVsm577<\/a><\/p>\n\n\n\n<p><strong>P\u0142atno\u015b\u0107:<\/strong><\/p>\n\n\n\n<p>Zaliczka: 24.06.2024 &#8211; w wysoko\u015bci 400z\u0142<\/p>\n\n\n\n<p>Pozosta\u0142a cz\u0119\u015b\u0107: do 31.06.2024<\/p>\n\n\n\n<p>Regulamin:<\/p>\n\n\n\n<figure class=\"wp-block-embed\"><div class=\"wp-block-embed__wrapper\">\n<blockquote class=\"wp-embedded-content\" data-secret=\"7hjRGBD4IQ\"><a href=\"https:\/\/edgecamp.pl\/index.php\/obozy-letnie-2\/edge-summer-camp-2024\/regulamin-obozu\/\">Regulamin zgrupowania<\/a><\/blockquote><iframe loading=\"lazy\" class=\"wp-embedded-content\" sandbox=\"allow-scripts\" security=\"restricted\" style=\"position: absolute; clip: rect(1px, 1px, 1px, 1px);\" title=\"&#8222;Regulamin zgrupowania&#8221; &#8212; \" src=\"https:\/\/edgecamp.pl\/index.php\/obozy-letnie-2\/edge-summer-camp-2024\/regulamin-obozu\/embed\/#?secret=LBANtLOoCf#?secret=7hjRGBD4IQ\" data-secret=\"7hjRGBD4IQ\" width=\"525\" height=\"296\" frameborder=\"0\" marginwidth=\"0\" marginheight=\"0\" scrolling=\"no\"><\/iframe>\n<\/div><\/figure>\n","protected":false},"excerpt":{"rendered":"<p>W ramach obozu EDGE Summer Camp 2024 odb\u0119d\u0105 si\u0119 r\u00f3wnie\u017c zaj\u0119cia dla os\u00f3b amatorsko trenuj\u0105cych \u0142y\u017cwiarstwo figurowe. Terminy: Termin I (8-12.07.2024) Termin II (22-27.07.2024) Zaj\u0119cia b\u0119d\u0105 si\u0119 odbywa\u0107 w godzinach popo\u0142udniowych\/wieczornych ZAPISY: https:\/\/forms.gle\/5Z7gWMrNmYsVsm577 P\u0142atno\u015b\u0107: Zaliczka: 24.06.2024 &#8211; w wysoko\u015bci 400z\u0142 Pozosta\u0142a cz\u0119\u015b\u0107: do 31.06.2024 Regulamin:<\/p>\n","protected":false},"author":1,"featured_media":0,"parent":0,"menu_order":0,"comment_status":"closed","ping_status":"closed","template":"","meta":{"footnotes":""},"class_list":["post-347","page","type-page","status-publish","hentry"],"_links":{"self":[{"href":"https:\/\/edgecamp.pl\/index.php\/wp-json\/wp\/v2\/pages\/347","targetHints":{"allow":["GET"]}}],"collection":[{"href":"https:\/\/edgecamp.pl\/index.php\/wp-json\/wp\/v2\/pages"}],"about":[{"href":"https:\/\/edgecamp.pl\/index.php\/wp-json\/wp\/v2\/types\/page"}],"author":[{"embeddable":true,"href":"https:\/\/edgecamp.pl\/index.php\/wp-json\/wp\/v2\/users\/1"}],"replies":[{"embeddable":true,"href":"https:\/\/edgecamp.pl\/index.php\/wp-json\/wp\/v2\/comments?post=347"}],"version-history":[{"count":4,"href":"https:\/\/edgecamp.pl\/index.php\/wp-json\/wp\/v2\/pages\/347\/revisions"}],"predecessor-version":[{"id":354,"href":"https:\/\/edgecamp.pl\/index.php\/wp-json\/wp\/v2\/pages\/347\/revisions\/354"}],"wp:attachment":[{"href":"https:\/\/edgecamp.pl\/index.php\/wp-json\/wp\/v2\/media?parent=347"}],"curies":[{"name":"wp","href":"https:\/\/api.w.org\/{rel}","templated":true}]}}