{"id":134,"date":"2024-03-17T17:34:41","date_gmt":"2024-03-17T16:34:41","guid":{"rendered":"https:\/\/edgecamp.pl\/?page_id=134"},"modified":"2024-03-17T21:02:29","modified_gmt":"2024-03-17T20:02:29","slug":"edge-summer-camp-2024","status":"publish","type":"page","link":"https:\/\/edgecamp.pl\/index.php\/obozy-letnie-2\/edge-summer-camp-2024\/","title":{"rendered":"EDGE Summer Camp 2024"},"content":{"rendered":"\n<p>Tak, to jest ten moment!<\/p>\n\n\n\n<p>Rozpoczynamy przygotowania do kolejnego najwi\u0119kszego sportowego wydarzenia w Polsce dla zawodnik\u00f3w trenuj\u0105cych wyczynowo \u0142y\u017cwiarstwo figurowe!<\/p>\n\n\n\n<p>W tym roku ponownie zapraszamy was do Katowic, na obiekty sportowe Jantor. W tym roku zwi\u0119kszyli\u015bmy liczb\u0119 grup i postawili\u015bmy na jeszcze lepsz\u0105 organizacj\u0119 wydarzenia. <\/p>\n\n\n\n<p class=\"has-text-align-center\"><strong>Ob\u00f3z jest skierowany do os\u00f3b trenuj\u0105cych wyczynowo \u0142y\u017cwiarstwo figurowe i startuj\u0105cych w klasach podstawowych<\/strong><\/p>\n\n\n\n<p class=\"has-text-align-center\">Osoby startuj\u0105ce w klasach dodatkowych b\u0119d\u0105 analizowane osobno pod wzgl\u0119dem wieku i umiej\u0119tno\u015bci.<\/p>\n\n\n\n<hr class=\"wp-block-separator has-alpha-channel-opacity\"\/>\n\n\n\n<p><a href=\"http:\/\/www.edgecamp.pl\/index.php\/obozy-letnie-2\/edge-summer-camp-2024\/terminy\/\" target=\"_blank\" rel=\"noreferrer noopener\">Terminy<\/a><\/p>\n\n\n\n<p><a href=\"http:\/\/www.edgecamp.pl\/index.php\/obozy-letnie-2\/edge-summer-camp-2024\/grupy-treningowe\/\" target=\"_blank\" rel=\"noreferrer noopener\">Grupy treningowe<\/a><\/p>\n\n\n\n<p><a href=\"http:\/\/www.edgecamp.pl\/index.php\/obozy-letnie-2\/edge-summer-camp-2024\/program-zgrupowania\/\" target=\"_blank\" rel=\"noreferrer noopener\">Program zgrupowania<\/a><\/p>\n\n\n\n<p><a href=\"https:\/\/edgecamp.pl\/index.php\/obozy-letnie-2\/edge-summer-camp-2024\/zapisy\/\" target=\"_blank\" rel=\"noreferrer noopener\">Zapisy<\/a><\/p>\n\n\n\n<p><a href=\"http:\/\/www.edgecamp.pl\/index.php\/obozy-letnie-2\/edge-summer-camp-2024\/platnosc\/\" target=\"_blank\" rel=\"noreferrer noopener\">P\u0142atno\u015b\u0107<\/a><\/p>\n\n\n\n<p><a href=\"http:\/\/www.edgecamp.pl\/index.php\/obozy-letnie-2\/edge-summer-camp-2024\/zakwaterowanie\/\" target=\"_blank\" rel=\"noreferrer noopener\">Zakwaterowanie<\/a><\/p>\n\n\n\n<p><a href=\"http:\/\/www.edgecamp.pl\/index.php\/obozy-letnie-2\/edge-summer-camp-2024\/sprzet-sportowy\/\" target=\"_blank\" rel=\"noreferrer noopener\">Sprz\u0119t sportowy<\/a><\/p>\n\n\n\n<p><a href=\"http:\/\/www.edgecamp.pl\/index.php\/obozy-letnie-2\/edge-summer-camp-2024\/wymagane-dokumenty\/\" target=\"_blank\" rel=\"noreferrer noopener\">Wymagane dokumenty<\/a><\/p>\n\n\n\n<p><a href=\"https:\/\/edgecamp.pl\/index.php\/obozy-letnie-2\/edge-summer-camp-2024\/regulamin-obozu\/\" target=\"_blank\" rel=\"noreferrer noopener\">Regulamin<\/a><\/p>\n\n\n\n<p><a href=\"http:\/\/www.edgecamp.pl\/index.php\/obozy-letnie-2\/edge-summer-camp-2024\/kontakt-z-organizatorem\/\" target=\"_blank\" rel=\"noreferrer noopener\">Kontakt z organizatorem<\/a><\/p>\n","protected":false},"excerpt":{"rendered":"<p>Tak, to jest ten moment! Rozpoczynamy przygotowania do kolejnego najwi\u0119kszego sportowego wydarzenia w Polsce dla zawodnik\u00f3w trenuj\u0105cych wyczynowo \u0142y\u017cwiarstwo figurowe! W tym roku ponownie zapraszamy was do Katowic, na obiekty sportowe Jantor. W tym roku zwi\u0119kszyli\u015bmy liczb\u0119 grup i postawili\u015bmy na jeszcze lepsz\u0105 organizacj\u0119 wydarzenia. Ob\u00f3z jest skierowany do os\u00f3b trenuj\u0105cych wyczynowo \u0142y\u017cwiarstwo figurowe i &hellip; <\/p>\n<p class=\"link-more\"><a href=\"https:\/\/edgecamp.pl\/index.php\/obozy-letnie-2\/edge-summer-camp-2024\/\" class=\"more-link\">Czytaj dalej<span class=\"screen-reader-text\"> \u201eEDGE Summer Camp 2024\u201d<\/span><\/a><\/p>\n","protected":false},"author":1,"featured_media":231,"parent":83,"menu_order":0,"comment_status":"closed","ping_status":"closed","template":"","meta":{"footnotes":""},"class_list":["post-134","page","type-page","status-publish","has-post-thumbnail","hentry"],"_links":{"self":[{"href":"https:\/\/edgecamp.pl\/index.php\/wp-json\/wp\/v2\/pages\/134","targetHints":{"allow":["GET"]}}],"collection":[{"href":"https:\/\/edgecamp.pl\/index.php\/wp-json\/wp\/v2\/pages"}],"about":[{"href":"https:\/\/edgecamp.pl\/index.php\/wp-json\/wp\/v2\/types\/page"}],"author":[{"embeddable":true,"href":"https:\/\/edgecamp.pl\/index.php\/wp-json\/wp\/v2\/users\/1"}],"replies":[{"embeddable":true,"href":"https:\/\/edgecamp.pl\/index.php\/wp-json\/wp\/v2\/comments?post=134"}],"version-history":[{"count":13,"href":"https:\/\/edgecamp.pl\/index.php\/wp-json\/wp\/v2\/pages\/134\/revisions"}],"predecessor-version":[{"id":230,"href":"https:\/\/edgecamp.pl\/index.php\/wp-json\/wp\/v2\/pages\/134\/revisions\/230"}],"up":[{"embeddable":true,"href":"https:\/\/edgecamp.pl\/index.php\/wp-json\/wp\/v2\/pages\/83"}],"wp:featuredmedia":[{"embeddable":true,"href":"https:\/\/edgecamp.pl\/index.php\/wp-json\/wp\/v2\/media\/231"}],"wp:attachment":[{"href":"https:\/\/edgecamp.pl\/index.php\/wp-json\/wp\/v2\/media?parent=134"}],"curies":[{"name":"wp","href":"https:\/\/api.w.org\/{rel}","templated":true}]}}